{"id":11207,"date":"2025-12-19T11:08:06","date_gmt":"2025-12-19T10:08:06","guid":{"rendered":"https:\/\/www.grimm-s-testspace.de\/grimms2024\/?page_id=11207"},"modified":"2025-12-19T14:42:00","modified_gmt":"2025-12-19T13:42:00","slug":"datenschutzerklaerung","status":"publish","type":"page","link":"https:\/\/www.grimm-s-testspace.de\/grimms2024\/datenschutzerklaerung\/","title":{"rendered":"Datenschutzerkl\u00e4rung"},"content":{"rendered":"\t\t<div data-elementor-type=\"wp-page\" data-elementor-id=\"11207\" class=\"elementor elementor-11207\">\n\t\t\t\t\t\t<section class=\"elementor-section elementor-top-section elementor-element elementor-element-5d2e2f7 elementor-section-full_width wrapper-wide section-normal elementor-section-height-default elementor-section-height-default default\" data-id=\"5d2e2f7\" data-element_type=\"section\" data-settings=\"{&quot;background_background&quot;:&quot;classic&quot;}\">\n\t\t\t\t\t\t<div class=\"elementor-container elementor-column-gap-default\">\n\t\t\t\t\t<div class=\"elementor-column elementor-col-100 elementor-top-column elementor-element elementor-element-4c9208a\" data-id=\"4c9208a\" data-element_type=\"column\">\n\t\t\t<div class=\"elementor-widget-wrap elementor-element-populated\">\n\t\t\t\t\t\t<div class=\"elementor-element elementor-element-ca7cbbb elementor-widget elementor-widget-image\" data-id=\"ca7cbbb\" data-element_type=\"widget\" data-widget_type=\"image.default\">\n\t\t\t\t<div class=\"elementor-widget-container\">\n\t\t\t\t\t\t\t\t\t\t\t\t\t\t\t\t<a href=\"https:\/\/www.grimm-s-testspace.de\/grimms2024\/\">\n\t\t\t\t\t\t\t<img decoding=\"async\" src=\"https:\/\/www.grimm-s-testspace.de\/grimms2024\/wp-content\/uploads\/2024\/09\/Logo_grimms_classic_white.svg\" title=\"Logo_grimms_classic_white\" alt=\"Logo_grimms_classic_white\" loading=\"lazy\" \/>\t\t\t\t\t\t\t\t<\/a>\n\t\t\t\t\t\t\t\t\t\t\t\t\t\t\t<\/div>\n\t\t\t\t<\/div>\n\t\t\t\t<div class=\"elementor-element elementor-element-54ccffa elementor-widget elementor-widget-naylatextwrapper\" data-id=\"54ccffa\" data-element_type=\"widget\" data-widget_type=\"naylatextwrapper.default\">\n\t\t\t\t<div class=\"elementor-widget-container\">\n\t\t\t\t\t\n\n\n<div class=\"text-wrapper  \">\n\n    <p class=\"has-anim-text wordsUp  text-h1  false\" data-stagger=\"0.02\" data-duration=\"1\"data-delay=\"0\"data-scrub=\"false\" data-pin=\"false\"> Datenschutzerkl\u00e4rung<\/p>\n\n\n<\/div>\n\n\n\t\t\t\t<\/div>\n\t\t\t\t<\/div>\n\t\t\t\t<div class=\"elementor-element elementor-element-435bc76 elementor-widget elementor-widget-text-editor\" data-id=\"435bc76\" data-element_type=\"widget\" data-widget_type=\"text-editor.default\">\n\t\t\t\t<div class=\"elementor-widget-container\">\n\t\t\t\t\t\t\t\t\t<h3><strong>Impressum<\/strong><\/h3><p>\u00a0<\/p><p><strong>Anschrift<br \/><\/strong>Georg-Gr\u00f6ning-Stra\u00dfe 46<br \/>28209 Bremen<\/p><p><a href=\"tel:+4942177771\">+49 421 77771<\/a><br \/><a href=\"mailto:kontakt@grimm-s.de\">kontakt@grimm-s.de<\/a><\/p><p><strong>Gesch\u00e4ftsf\u00fchrer<\/strong><br \/>Oliver Grimm<br \/>Christoffer Arnold<\/p><p><strong>Registergericht<\/strong><br \/>Amtsgericht Bremen, HRB 20786<\/p><p><strong>Umsatzsteuer-Identifikationsnummer<\/strong><br \/>(gem\u00e4\u00df \u00a7 27a Umsatzsteuergesetz)<br \/>DE220859608<\/p><p><strong>Streitschlichtung<br \/><\/strong>Wir sind nicht bereit oder verpflichtet, an Streitbeilegungsverfahren vor einer Verbraucherschlichtungsstelle teilzunehmen.<\/p><p><strong>Haftung f\u00fcr Links<br \/><\/strong>Unser Angebot enth\u00e4lt Links zu externen Websites Dritter, auf deren Inhalte wir keinen Einfluss haben. Deshalb k\u00f6nnen wir f\u00fcr diese fremden Inhalte auch keine Gew\u00e4hr \u00fcbernehmen. F\u00fcr die Inhalte der verlinkten Seiten ist stets der jeweilige dwdwreiber der Seiten verantwortlich. Die verlinkten Seiten wurden zum Zeitpunkt der Verlinkung auf m\u00f6gliche Rechtsverst\u00f6\u00dfe \u00fcberpr\u00fcft. Rechtswidrige Inhalte waren zum Zeitpunkt der Verlinkung nicht erkennbar.<\/p><p>Eine permanente inhaltliche Kontrolle der verlinkten Seiten ist jedoch ohne konkrete Anhaltspunkte einer Rechtsverletzung nicht zumutbar. Bei Bekanntwerden von Rechtsverletzungen werden wir derartige Links umgehend entfernen.<\/p><p><strong>Urheberrecht<br \/><\/strong>Die durch die Seitenbetreiber erstellten Inhalte und Werke auf diesen Seiten unterliegen dem deutschen Urheberrecht. Die Vervielf\u00e4ltigung, Bearbeitung, Verbreitung und jede Art der Verwertung au\u00dferhalb der Grenzen des Urheberrechtes bed\u00fcrfen der schriftlichen Zustimmung des jeweiligen Autors bzw. Erstellers. Downloads und Kopien dieser Seite sind nur f\u00fcr den privaten, nicht kommerziellen Gebrauch gestattet. Soweit die Inhalte auf dieser Seite nicht vom Betreiber erstellt wurden, werden die Urheberrechte Dritter beachtet. Insbesondere werden Inhalte Dritter als solche gekennzeichnet. Sollten Sie trotzdem auf eine Urheberrechtsverletzung aufmerksam werden, bitten wir um einen entsprechenden Hinweis. Bei Bekanntwerden von Rechtsverletzungen werden wir derartige Inhalte umgehend entfernen.<\/p><h3>\u00a0<\/h3><h3><strong>Datenschutz<\/strong><\/h3><p>Die Betreiber dieser Seiten nehmen den Schutz Ihrer pers\u00f6nlichen Daten sehr ernst. Wir behandeln Ihre personenbezogenen Daten vertraulich und entsprechend der gesetzlichen Datenschutzvorschriften sowie dieser Datenschutzerkl\u00e4rung.<\/p><p>Die Nutzung unserer Webseite ist in der Regel ohne Angabe personenbezogener Daten m\u00f6glich. Soweit auf unseren Seiten personenbezogene Daten (beispielsweise Name, Anschrift oder E-Mail-Adressen) erhoben werden, erfolgt dies, soweit m\u00f6glich, stets auf freiwilliger Basis. Diese Daten werden ohne Ihre ausdr\u00fcckliche Zustimmung nicht an Dritte weitergegeben.<\/p><p>Wir weisen darauf hin, dass die Daten\u00fcbertragung im Internet (z.B. bei der Kommunikation per E-Mail) Sicherheitsl\u00fccken aufweisen kann. Ein l\u00fcckenloser Schutz der Daten vor dem Zugriff durch Dritte ist nicht m\u00f6glich.<\/p><h4><strong>Verantwortlicher<\/strong><\/h4><p>Verantwortlich f\u00fcr die nachfolgend dargestellte Datenverarbeitung ist die im Impressum genannte Stelle.<\/p><h4><strong>Server-Log-Files<\/strong><\/h4><p>Der Provider der Seiten erhebt und speichert automatisch Informationen in so genannten Server-Log Files, die Ihr Browser automatisch an uns \u00fcbermittelt. Dies sind:<\/p><ul><li>Browsertyp\/ Browserversion<\/li><li>verwendetes Betriebssystem<\/li><li>Referrer URL<\/li><li>Hostname des zugreifenden Rechners<\/li><li>Uhrzeit der Serveranfrage<\/li><\/ul><div>\u00a0<\/div><p>Diese Daten sind nicht bestimmten Personen zuordenbar. Eine Zusammenf\u00fchrung dieser Daten mit anderen Datenquellen wird nicht vorgenommen. Wir behalten uns vor, diese Daten nachtr\u00e4glich zu pr\u00fcfen, wenn uns konkrete Anhaltspunkte f\u00fcr eine rechtswidrige Nutzung bekannt werden.<\/p><h4><strong>Auskunft, L\u00f6schung, Sperrung<\/strong><\/h4><p>Sie haben jederzeit das Recht auf unentgeltliche Auskunft \u00fcber Ihre gespeicherten<br \/>personenbezogenen Daten, deren Herkunft und Empf\u00e4nger und den Zweck der Datenverarbeitung sowie ein Recht auf Berichtigung, Sperrung oder L\u00f6schung dieser Daten. Hierzu sowie zu weiteren Fragen zum Thema personenbezogene Daten k\u00f6nnen Sie sich jederzeit unter der im Impressum angegebenen Adresse an uns wenden.<\/p><h4>\u00a0<\/h4><h4><strong>Widerspruch Werbe-Mails<\/strong><\/h4><p>Der Nutzung von im Rahmen der Impressumspflicht ver\u00f6ffentlichten Kontaktdaten zur \u00dcbersendung von nicht ausdr\u00fccklich angeforderter Werbung und Informationsmaterialien wird hiermit widersprochen. Die Betreiber der Seiten behalten sich ausdr\u00fccklich rechtliche Schritte im Falle der unverlangten Zusendung von Werbeinformationen, etwa durch Spam-E-Mails, vor.<\/p><div class=\"contentbox_headline\"><h4>\u00a0<\/h4><h4><strong>Kontaktformular<\/strong><\/h4><\/div><p>Sie haben die M\u00f6glichkeit, sich mit uns \u00fcber unser Kontaktformular in Verbindung zu setzen. Zur Nutzung unseres Kontaktformulars ben\u00f6tigen wir von Ihnen zun\u00e4chst die als Pflichtfelder markierten Daten.<\/p><p>Diese Daten verwenden wir auf Grundlage von Art. 6 Abs. 1 S. 1 lit. f DSGVO, um Ihre Anfrage zu beantworten.<\/p><p>Dar\u00fcber hinaus k\u00f6nnen Sie selbst entscheiden, ob Sie uns weitere Angaben mitteilen m\u00f6chten. Diese Angaben erfolgen freiwillig und sind f\u00fcr die Kontaktaufnahme nicht zwingend erforderlich. Ihre freiwilligen Angaben verarbeiten wir auf Grundlage Ihrer Einwilligung.<\/p><p>Ihre Daten werden nur zur Beantwortung Ihrer Anfrage verarbeitet. Wir l\u00f6schen Ihre Daten, sofern diese nicht mehr erforderlich sind und keine gesetzlichen Aufbewahrungspflichten entgegenstehen.<\/p><p>Hinsichtlich der Verarbeitung nach Art. 6 Abs. 1 S. 1 lit. f DSGVO steht Ihnen ein jederzeitiges Widerspruchsrecht zu. Wenden Sie sich hierf\u00fcr bitte an die im Impressum genannte E-Mail-Adresse.<\/p><div class=\"contentbox_headline\"><h4>\u00a0<\/h4><h4><strong>Speicherdauer<\/strong><\/h4><\/div><p>Sofern wir nicht im Einzelnen bereits \u00fcber die Speicherdauer informiert haben, l\u00f6schen wir personenbezogene Daten, wenn sie f\u00fcr die vorgenannten Verarbeitungszwecke nicht mehr erforderlich sind und keine berechtigten Interessen oder andere (gesetzliche) Aufbewahrungsgr\u00fcnde einer L\u00f6schung entgegenstehen.<\/p><p><strong>Widerruf der Einwilligung:<\/strong>\u00a0Wenn Sie Ihre Einwilligung widerrufen wollen, k\u00f6nnen Sie die entsprechenden Einstellungen jederzeit \u00fcber unser Banner \u00e4ndern.<\/p><h4>\u00a0<\/h4><h4><strong>Google Maps<\/strong><\/h4><p>Diese Seite nutzt den Kartendienst Google Maps. Anbieter ist die Google Ireland Limited (\u201eGoogle\u201c), Gordon House, Barrow Street, Dublin 4, Irland.<\/p><p>Zur Nutzung der Funktionen von Google Maps ist es notwendig, Ihre IP-Adresse zu speichern. Diese Informationen werden in der Regel an einen Server von Google in den USA \u00fcbertragen und dort gespeichert. Der Anbieter dieser Seite hat keinen Einfluss auf diese Daten\u00fcbertragung. Wenn Google Maps aktiviert ist, kann Google zum Zwecke der einheitlichen Darstellung der Schriftarten Google Web Fonts verwenden. Beim Aufruf von Google Maps l\u00e4dt Ihr Browser die ben\u00f6tigten Web Fonts in ihren Browsercache, um Texte und Schriftarten korrekt anzuzeigen.<\/p><p>Die Nutzung von Google Maps erfolgt im Interesse einer ansprechenden Darstellung unserer Online-Angebote und an einer leichten Auffindbarkeit der von uns auf der Website angegebenen Orte. Dies stellt ein berechtigtes Interesse im Sinne von Art. 6 Abs. 1 lit. f DSGVO dar. Sofern eine entsprechende Einwilligung abgefragt wurde, erfolgt die Verarbeitung ausschlie\u00dflich auf Grundlage von Art. 6 Abs. 1 lit. a DSGVO; die Einwilligung ist jederzeit widerrufbar.<\/p><p>Die Daten\u00fcbertragung in die USA wird auf die Standardvertragsklauseln der EU-Kommission gest\u00fctzt. Details finden Sie hier: <a href=\"https:\/\/privacy.google.com\/businesses\/gdprcontrollerterms\/\">https:\/\/privacy.google.com\/businesses\/gdprcontrollerterms\/<\/a> und <a href=\"https:\/\/privacy.google.com\/businesses\/gdprcontrollerterms\/sccs\/\">https:\/\/privacy.google.com\/businesses\/gdprcontrollerterms\/sccs\/<\/a>.<\/p><p>Mehr Informationen zum Umgang mit Nutzerdaten finden Sie in der Datenschutzerkl\u00e4rung von Google: <a href=\"https:\/\/policies.google.com\/privacy?hl=de\">https:\/\/policies.google.com\/privacy?hl=de<\/a>.<\/p><h4>\u00a0<\/h4><h4><strong>Ansprechpartner<\/strong><\/h4><p>Oliver Grimm,<br \/>Christoffer Arnold<br \/>Georg-Gr\u00f6ning-Stra\u00dfe 46<br \/>28209 Bremen<br \/><a href=\"tel:+4942177771\">+49 421 77771<\/a><br \/><a href=\"mailto:kontakt@grimm-s.de\">kontakt@grimm-s.de<\/a><\/p>\t\t\t\t\t\t\t\t<\/div>\n\t\t\t\t<\/div>\n\t\t\t\t\t<\/div>\n\t\t<\/div>\n\t\t\t\t\t<\/div>\n\t\t<\/section>\n\t\t\t\t<footer class=\"elementor-section elementor-top-section elementor-element elementor-element-619b8da elementor-section-full_width wrapper-fuller section-footer elementor-section-height-default elementor-section-height-default default\" data-id=\"619b8da\" data-element_type=\"section\" data-settings=\"{&quot;background_background&quot;:&quot;classic&quot;}\">\n\t\t\t\t\t\t<div class=\"elementor-container elementor-column-gap-default\">\n\t\t\t\t\t<div class=\"elementor-column elementor-col-100 elementor-top-column elementor-element elementor-element-c69bd35\" data-id=\"c69bd35\" data-element_type=\"column\">\n\t\t\t<div class=\"elementor-widget-wrap elementor-element-populated\">\n\t\t\t\t\t\t<section class=\"elementor-section elementor-inner-section elementor-element elementor-element-474bc3c wrapper-fuller elementor-section-full_width elementor-hidden-mobile section-normal elementor-section-height-default elementor-section-height-default default\" data-id=\"474bc3c\" data-element_type=\"section\">\n\t\t\t\t\t\t<div class=\"elementor-container elementor-column-gap-default\">\n\t\t\t\t\t<div class=\"elementor-column elementor-col-50 elementor-inner-column elementor-element elementor-element-d79b52a\" data-id=\"d79b52a\" data-element_type=\"column\">\n\t\t\t<div class=\"elementor-widget-wrap elementor-element-populated\">\n\t\t\t\t\t\t<div class=\"elementor-element elementor-element-31ea734 elementor-widget__width-auto elementor-widget elementor-widget-naylabutton\" data-id=\"31ea734\" data-element_type=\"widget\" data-widget_type=\"naylabutton.default\">\n\t\t\t\t<div class=\"elementor-widget-container\">\n\t\t\t\t\t\n\n<!--  Button -->\n<div class=\"nayla-button underline   cursor-default\" >\n\n    <span class=\"left-icon\"><\/span>\n\n    <a target=\"_self\" href=\"mailto:%20kontakt@grimm-s.de\">kontakt@grimm-s.de<\/a>\n\n    <span class=\"right-icon\"><\/span>\n\n<\/div>\n<!--\/ Button -->\n\n\n\t\t\t\t<\/div>\n\t\t\t\t<\/div>\n\t\t\t\t<div class=\"elementor-element elementor-element-a626028 elementor-widget__width-auto elementor-widget elementor-widget-naylabutton\" data-id=\"a626028\" data-element_type=\"widget\" data-widget_type=\"naylabutton.default\">\n\t\t\t\t<div class=\"elementor-widget-container\">\n\t\t\t\t\t\n\n<!--  Button -->\n<div class=\"nayla-button underline   cursor-default\" >\n\n    <span class=\"left-icon\"><\/span>\n\n    <a target=\"_self\" href=\"tel:042177771\">+49 421 77771<\/a>\n\n    <span class=\"right-icon\"><\/span>\n\n<\/div>\n<!--\/ Button -->\n\n\n\t\t\t\t<\/div>\n\t\t\t\t<\/div>\n\t\t\t\t\t<\/div>\n\t\t<\/div>\n\t\t\t\t<div class=\"elementor-column elementor-col-50 elementor-inner-column elementor-element elementor-element-043f432\" data-id=\"043f432\" data-element_type=\"column\">\n\t\t\t<div class=\"elementor-widget-wrap elementor-element-populated\">\n\t\t\t\t\t\t<div class=\"elementor-element elementor-element-24e1bb0 elementor-widget__width-auto elementor-widget elementor-widget-naylabutton\" data-id=\"24e1bb0\" data-element_type=\"widget\" data-widget_type=\"naylabutton.default\">\n\t\t\t\t<div class=\"elementor-widget-container\">\n\t\t\t\t\t\n\n<!--  Button -->\n<div class=\"nayla-button underline   cursor-default\" >\n\n    <span class=\"left-icon\"><\/span>\n\n    <a target=\"_self\" href=\"https:\/\/www.grimm-s-testspace.de\/grimms2024\/impressum\/\">Impressum<\/a>\n\n    <span class=\"right-icon\"><\/span>\n\n<\/div>\n<!--\/ Button -->\n\n\n\t\t\t\t<\/div>\n\t\t\t\t<\/div>\n\t\t\t\t<div class=\"elementor-element elementor-element-7b9a1eb elementor-widget__width-auto elementor-widget elementor-widget-naylabutton\" data-id=\"7b9a1eb\" data-element_type=\"widget\" data-widget_type=\"naylabutton.default\">\n\t\t\t\t<div class=\"elementor-widget-container\">\n\t\t\t\t\t\n\n<!--  Button -->\n<div class=\"nayla-button underline   cursor-default\" >\n\n    <span class=\"left-icon\"><\/span>\n\n    <a target=\"_self\" href=\"https:\/\/www.grimm-s-testspace.de\/grimms2024\/datenschutzerklaerung\/\">Datenschutz<\/a>\n\n    <span class=\"right-icon\"><\/span>\n\n<\/div>\n<!--\/ Button -->\n\n\n\t\t\t\t<\/div>\n\t\t\t\t<\/div>\n\t\t\t\t<div class=\"elementor-element elementor-element-1daed28 elementor-widget elementor-widget-naylatextwrapper\" data-id=\"1daed28\" data-element_type=\"widget\" data-widget_type=\"naylatextwrapper.default\">\n\t\t\t\t<div class=\"elementor-widget-container\">\n\t\t\t\t\t\n\n\n<div class=\"text-wrapper no-margin \">\n\n    <p class=\"  text-p  false\" data-stagger=\"0.04\" data-duration=\"1.5\"data-delay=\"1.5\"data-scrub=\"false\" data-pin=\"false\"> \u2764\ufe0f grimm|s  2025<\/p>\n\n\n<\/div>\n\n\n\t\t\t\t<\/div>\n\t\t\t\t<\/div>\n\t\t\t\t\t<\/div>\n\t\t<\/div>\n\t\t\t\t\t<\/div>\n\t\t<\/section>\n\t\t\t\t<div class=\"elementor-element elementor-element-2c0bc09 elementor-hidden-desktop elementor-hidden-tablet elementor-widget elementor-widget-naylatextwrapper\" data-id=\"2c0bc09\" data-element_type=\"widget\" data-widget_type=\"naylatextwrapper.default\">\n\t\t\t\t<div class=\"elementor-widget-container\">\n\t\t\t\t\t\n\n\n<div class=\"text-wrapper no-margin \">\n\n    <p class=\"  text-p  false\" data-stagger=\"0.04\" data-duration=\"1.5\"data-delay=\"1.5\"data-scrub=\"false\" data-pin=\"false\"> <a href=\"mailto:kontakt@grimm-s.de\">kontakt@grimm-s.de<\/a>\n<\/br><a href=\"tel:+4942177771\">+49 421 77771<\/a>\n<\/br><a href=\"https:\/\/www.grimm-s-testspace.de\/grimms2024\/impressum\/\">Impressum<\/a>\n<\/br><a href=\"https:\/\/www.grimm-s-testspace.de\/grimms2024\/datenschutzerklaerung\/\">Datenschutz<\/a>\n<\/br><\/br>\u2764\ufe0f grimm|s  2025<\/p>\n\n\n<\/div>\n\n\n\t\t\t\t<\/div>\n\t\t\t\t<\/div>\n\t\t\t\t\t<\/div>\n\t\t<\/div>\n\t\t\t\t\t<\/div>\n\t\t<\/footer>\n\t\t\t\t<\/div>\n\t\t","protected":false},"excerpt":{"rendered":"<p>Datenschutzerkl\u00e4rung Impressum \u00a0 AnschriftGeorg-Gr\u00f6ning-Stra\u00dfe 4628209 Bremen +49 421 77771kontakt@grimm-s.de Gesch\u00e4ftsf\u00fchrerOliver GrimmChristoffer Arnold RegistergerichtAmtsgericht Bremen, HRB 20786 Umsatzsteuer-Identifikationsnummer(gem\u00e4\u00df \u00a7 27a Umsatzsteuergesetz)DE220859608 StreitschlichtungWir sind nicht bereit oder verpflichtet, an Streitbeilegungsverfahren vor einer [&hellip;]<\/p>\n","protected":false},"author":2,"featured_media":0,"parent":0,"menu_order":0,"comment_status":"closed","ping_status":"closed","template":"","meta":{"_acf_changed":false,"inline_featured_image":false,"footnotes":""},"class_list":["post-11207","page","type-page","status-publish","hentry"],"acf":[],"_links":{"self":[{"href":"https:\/\/www.grimm-s-testspace.de\/grimms2024\/wp-json\/wp\/v2\/pages\/11207","targetHints":{"allow":["GET"]}}],"collection":[{"href":"https:\/\/www.grimm-s-testspace.de\/grimms2024\/wp-json\/wp\/v2\/pages"}],"about":[{"href":"https:\/\/www.grimm-s-testspace.de\/grimms2024\/wp-json\/wp\/v2\/types\/page"}],"author":[{"embeddable":true,"href":"https:\/\/www.grimm-s-testspace.de\/grimms2024\/wp-json\/wp\/v2\/users\/2"}],"replies":[{"embeddable":true,"href":"https:\/\/www.grimm-s-testspace.de\/grimms2024\/wp-json\/wp\/v2\/comments?post=11207"}],"version-history":[{"count":25,"href":"https:\/\/www.grimm-s-testspace.de\/grimms2024\/wp-json\/wp\/v2\/pages\/11207\/revisions"}],"predecessor-version":[{"id":11255,"href":"https:\/\/www.grimm-s-testspace.de\/grimms2024\/wp-json\/wp\/v2\/pages\/11207\/revisions\/11255"}],"wp:attachment":[{"href":"https:\/\/www.grimm-s-testspace.de\/grimms2024\/wp-json\/wp\/v2\/media?parent=11207"}],"curies":[{"name":"wp","href":"https:\/\/api.w.org\/{rel}","templated":true}]}}